ors of 88902575?
5, 31, 114713
What are the prime factors of 412202862?
2, 3, 22900159
List the prime factors of 21342754.
2, 10671377
What are the prime factors of 4790187270?
2, 3, 5, 11, 31, 127, 1229
What are the prime factors of 1670546465?
5, 7, 23, 89, 3331
List the prime factors of 507814836.
2, 3, 53, 798451
What are the prime factors of 34614300?
2, 3, 5, 7, 53, 311
What are the prime factors of 163109430?
2, 3, 5, 11, 54919
What are the prime factors of 50548403?
113, 447331
What are the prime factors of 48378203?
37, 1307519
List the prime factors of 3412623416.
2, 426577927
List the prime factors of 1047076405.
5, 71, 2949511
List the prime factors of 149434329.
3, 11, 4528313
List the prime factors of 1616810076.
2, 3, 7, 127, 1031
What are the prime factors of 34308099?
3, 7, 227, 2399
List the prime factors of 54542557.
6247, 8731
List the prime factors of 67309852.
2, 97, 283, 613
List the prime factors of 47257026.
2, 3, 53, 173, 859
List the prime factors of 210129547.
8839, 23773
What are the prime factors of 83201971?
23, 3617477
List the prime factors of 170558266.
2, 197, 227, 1907
What are the prime factors of 345206999?
73, 719, 6577
List the prime factors of 234664979.
199, 421, 2801
List the prime factors of 87755834.
2, 43877917
What are the prime factors of 307168470?
2, 3, 5, 7, 162523
List the prime factors of 486076068.
2, 3, 47, 287279
What are the prime factors of 34299138?
2, 3, 181, 31583
What are the prime factors of 102884109?
3, 1061, 32323
List the prime factors of 578829578.
2, 1381, 209569
List the prime factors of 607258224.
2, 3, 17, 248063
List the prime factors of 303018155.
5, 11, 211, 26111
What are the prime factors of 66536247?
3, 59, 199, 1889
What are the prime factors of 1398772972?
2, 43, 8132401
List the prime factors of 52458032.
2, 11, 23, 12959
List the prime factors of 1652885062.
2, 5197, 159023
List the prime factors of 420769316.
2, 11, 97, 311, 317
What are the prime factors of 997389662?
2, 2129, 234239
What are the prime factors of 49976029?
1097, 45557
What are the prime factors of 29664645?
3, 5, 73, 27091
What are the prime factors of 202243476?
2, 3, 79, 213337
What are the prime factors of 53090129?
5813, 9133
What are the prime factors of 930561077?
29, 32088313
List the prime factors of 333164555.
5, 17, 3919583
List the prime factors of 154854158.
2, 77427079
What are the prime factors of 72111269?
72111269
What are the prime factors of 1066040496?
2, 3, 389, 19031
List the prime factors of 303900177.
3, 7, 17, 851261
What are the prime factors of 3290196027?
3, 113, 1933, 5021
List the prime factors of 32135570.
2, 5, 229, 14033
What are the prime factors of 175667755?
5, 89, 394759
List the prime factors of 153826562.
2, 4259, 18059
List the prime factors of 6310552878.
2, 3, 7, 19, 2635987
What are the prime factors of 166760567?
166760567
What are the prime factors of 1523850884?
2, 139, 2740739
What are the prime factors of 152102032?
2, 9506377
List the prime factors of 190375739.
3701, 51439
List the prime factors of 57822014.
2, 43, 672349
List the prime factors of 359483538.
2, 3, 59913923
List the prime factors of 538319544.
2, 3, 7, 3204283
List the prime factors of 38321351.
113, 339127
List the prime factors of 428716994.
2, 1277, 167861
What are the prime factors of 107383170?
2, 3, 5, 1877, 1907
List the prime factors of 57535945.
5, 2693, 4273
What are the prime factors of 10523151?
3, 479, 2441
What are the prime factors of 952585467?
3, 317528489
List the prime factors of 5778452510.
2, 5, 157, 821, 4483
What are the prime factors of 2606451038?
2, 29, 71, 632941
What are the prime factors of 193698030?
2, 3, 5, 1289, 5009
List the prime factors of 156222241.
7, 467, 6827
What are the prime factors of 29306575?
5, 571, 2053
What are the prime factors of 1474954481?
7, 11, 13, 43, 34267
What are the prime factors of 2041217275?
5, 81648691
List the prime factors of 619151052.
2, 3, 13, 3968917
What are the prime factors of 274571489?
19, 14451131
List the prime factors of 75275205.
3, 5, 23, 37, 5897
What are the prime factors of 244424889?
3, 27158321
What are the prime factors of 157217240?
2, 5, 107, 109, 337
What are the prime factors of 209444543?
7, 11, 19, 239, 599
What are the prime factors of 1198709072?
2, 11, 2351, 2897
List the prime factors of 106125611.
17, 23, 269, 1009
What are the prime factors of 93209938?
2, 23, 2026303
What are the prime factors of 100183810?
2, 5, 1913, 5237
What are the prime factors of 6242848?
2, 195089
What are the prime factors of 92849206?
2, 17, 23, 37, 3209
What are the prime factors of 313554823?
61, 383, 13421
List the prime factors of 140375778.
2, 3, 4127, 5669
List the prime factors of 63811781.
11, 5801071
What are the prime factors of 7174615323?
3, 113, 21164057
List the prime factors of 47070726.
2, 3, 7845121
List the prime factors of 400594903.
547, 739, 991
List the prime factors of 238554040.
2, 5, 97, 61483
What are the prime factors of 48588248?
2, 6073531
List the prime factors of 43537407.
3, 14512469
What are the prime factors of 315383608?
2, 5569, 7079
What are the prime factors of 67768675?
5, 13, 208519
What are the prime factors of 29363558?
2, 7, 2097397
What are the prime factors of 649773562?
2, 324886781
What are the prime factors of 601872409?
29, 31, 631, 1061
List the prime factors of 746721230.
2, 5, 43, 337, 5153
What are the prime factors of 2794640605?
5, 558928121
List the prime factors of 1977063.
3, 11, 181, 331
What are the prime factors of 710505021?
3, 17, 103, 135257
List the prime factors of 205215378.
2, 3, 307, 111409
List the prime factors of 1706549148.
2, 3, 17, 139, 743
What are the prime factors of 3032269737?
3, 7, 144393797
What are the prime factors of 151107134?
2, 53, 1425539
What are the prime factors of 278779265?
5, 55755853
What are the prime factors of 1179590630?
2, 5, 467, 252589
List the prime factors of 137327109.
3, 751, 60953
What are the prime factors of 3289644618?
2, 3, 13, 37, 1139863
List the prime factors of 2100899084.
2, 19, 29, 953221
List the prime factors of 35061872.
2, 181, 12107
List the prime factors of 29092465.
5, 5818493
List the prime factors of 6898150.
2, 5, 7, 19709
List the prime factors of 68642696.
2, 37, 231901
What are the prime factors of 1735117484?
2, 433779371
What are the prime factors of 44942951?
17, 47, 56249
What are the prime factors of 1331093365?
5, 7, 38031239
What are the prime factors of 981733370?
2, 5, 139, 706283
List the prime factors of 67406326.
2, 13, 17, 11731
List the prime factors of 43961111.
73, 131, 4597
List the prime factors of 4124963986.
2, 11, 13, 79, 2311
List the prime factors of 8697466.
2, 1063, 4091
List the prime factors of 70277414.
2, 35138707
List the prime factors of 735262844.
2, 977, 188143
What are the prime factors of 2598638702?
2, 11, 19, 1171, 5309
List the prime factors of 291330606.
2, 3, 7, 67, 103529
What are the prime factors of 57710508?
2, 3, 4809209
List the prime factors of 666687790.
2, 5, 97, 687307
List the prime factors of 117439881.
3, 13, 3011279
List the prime factors of 178307439.
3, 59435813
List the prime factors of 729047997.
3, 23, 101, 34871
List the prime factors of 823157850.
2, 3, 5, 17, 322807
List the prime factors of 561508302.
2, 3, 157, 596081
What are the prime factors of 2237402856?
2, 3, 13, 2039, 3517
List the prime factors of 31997058.
2, 3, 5332843
List the prime factors of 87545129.
7, 12506447
What are the prime factors of 1819090479?
3, 11467, 52879
What are the prime factors of 502912489?
113, 4450553
What are the prime factors of 665219587?
113, 1493, 3943
What are the prime factors of 287181515?
5, 47, 1222049
List the prime factors of 79148060.
2, 5, 23, 73, 2357
List the prime factors of 287407747.
11, 23, 1135999
What are the prime factors of 1535675479?
13, 197, 251, 2389
List the prime factors of 660136761.
3, 47, 397, 3931
List the prime factors of 403424809.
403424809
List the prime factors of 3982071982.
2, 7, 107, 2658259
List the prime factors of 80740893.
3, 26913631
What are the prime factors of 56084042?
2, 7, 97, 41299
List the prime factors of 57492992.
2, 112291
What are the prime factors of 131676602?
2, 658